{"id":20730,"date":"2024-08-30T15:41:48","date_gmt":"2024-08-30T14:41:48","guid":{"rendered":"https:\/\/www.icicaldaie.com\/prodotto\/%tipo_di_fluido%\/flash\/"},"modified":"2026-01-29T15:02:56","modified_gmt":"2026-01-29T14:02:56","slug":"flash","status":"publish","type":"prodotti","link":"https:\/\/www.icicaldaie.com\/es\/producto\/calderas-industriales\/calderas-de-vapor\/generadores-de-vapor-instantaneos\/flash\/","title":{"rendered":"FLASH"},"content":{"rendered":"<p>Generador instant\u00e1neo de vapor de f\u00e1cil instalaci\u00f3n y uso intuitivo. Ideal para aplicaciones como lavander\u00edas y tintorer\u00edas, satisface consumos peque\u00f1os y medianos de vapor seco, de 15 a 180 kW, y evita las sobrecargas de las instalaciones t\u00e9rmicas. En particular es apto para el funcionamiento de prensas de planchado con superficie brillante o pistola de vapor espec\u00edfica., Es ideal para vaporizar y planchar los abrigos de piel.<\/p>\n","protected":false},"featured_media":83299,"template":"","meta":{"_acf_changed":false,"inline_featured_image":false,"_monsterinsights_skip_tracking":false,"_monsterinsights_sitenote_active":false,"_monsterinsights_sitenote_note":"","_monsterinsights_sitenote_category":0},"tipo_di_fluido":[1490,1492,1488],"class_list":["post-20730","prodotti","type-prodotti","status-publish","has-post-thumbnail","hentry","tipo_di_fluido-calderas-de-vapor","tipo_di_fluido-generadores-de-vapor-instantaneos","tipo_di_fluido-calderas-industriales"],"acf":[],"yoast_head":"<!-- This site is optimized with the Yoast SEO plugin v24.7 - https:\/\/yoast.com\/wordpress\/plugins\/seo\/ -->\n<title>FLASH - Caldera Vapor El\u00e9ctrica<\/title>\n<meta name=\"description\" content=\"Descubre la caldera vapor el\u00e9ctrica: instalaci\u00f3n sencilla, uso intuitivo y potencias de 15 a 180 kW. Ideal para lavander\u00edas, tintorer\u00edas y planchado especializado, como abrigos de piel y prensas de superficie brillante.\" \/>\n<meta name=\"robots\" content=\"index, follow, max-snippet:-1, max-image-preview:large, max-video-preview:-1\" \/>\n<link rel=\"canonical\" href=\"https:\/\/www.icicaldaie.com\/es\/producto\/calderas-industriales\/calderas-de-vapor\/generadores-de-vapor-instantaneos\/flash\/\" \/>\n<meta property=\"og:locale\" content=\"es_ES\" \/>\n<meta property=\"og:type\" content=\"article\" \/>\n<meta property=\"og:title\" content=\"FLASH - Caldera Vapor El\u00e9ctrica\" \/>\n<meta property=\"og:description\" content=\"Descubre la caldera vapor el\u00e9ctrica: instalaci\u00f3n sencilla, uso intuitivo y potencias de 15 a 180 kW. Ideal para lavander\u00edas, tintorer\u00edas y planchado especializado, como abrigos de piel y prensas de superficie brillante.\" \/>\n<meta property=\"og:url\" content=\"https:\/\/www.icicaldaie.com\/es\/producto\/calderas-industriales\/calderas-de-vapor\/generadores-de-vapor-instantaneos\/flash\/\" \/>\n<meta property=\"og:site_name\" content=\"ICI\" \/>\n<meta property=\"article:modified_time\" content=\"2026-01-29T14:02:56+00:00\" \/>\n<meta property=\"og:image\" content=\"https:\/\/www.icicaldaie.com\/wp-content\/uploads\/2024\/08\/Flash.jpg\" \/>\n\t<meta property=\"og:image:width\" content=\"1080\" \/>\n\t<meta property=\"og:image:height\" content=\"620\" \/>\n\t<meta property=\"og:image:type\" content=\"image\/jpeg\" \/>\n<meta name=\"twitter:card\" content=\"summary_large_image\" \/>\n<meta name=\"twitter:label1\" content=\"Tiempo de lectura\" \/>\n\t<meta name=\"twitter:data1\" content=\"1 minuto\" \/>\n<script type=\"application\/ld+json\" class=\"yoast-schema-graph\">{\"@context\":\"https:\/\/schema.org\",\"@graph\":[{\"@type\":\"WebPage\",\"@id\":\"https:\/\/www.icicaldaie.com\/es\/producto\/calderas-industriales\/calderas-de-vapor\/generadores-de-vapor-instantaneos\/flash\/\",\"url\":\"https:\/\/www.icicaldaie.com\/es\/producto\/calderas-industriales\/calderas-de-vapor\/generadores-de-vapor-instantaneos\/flash\/\",\"name\":\"FLASH - Caldera Vapor El\u00e9ctrica\",\"isPartOf\":{\"@id\":\"https:\/\/www.icicaldaie.com\/es\/#website\"},\"primaryImageOfPage\":{\"@id\":\"https:\/\/www.icicaldaie.com\/es\/producto\/calderas-industriales\/calderas-de-vapor\/generadores-de-vapor-instantaneos\/flash\/#primaryimage\"},\"image\":{\"@id\":\"https:\/\/www.icicaldaie.com\/es\/producto\/calderas-industriales\/calderas-de-vapor\/generadores-de-vapor-instantaneos\/flash\/#primaryimage\"},\"thumbnailUrl\":\"https:\/\/www.icicaldaie.com\/wp-content\/uploads\/2024\/08\/Flash.jpg\",\"datePublished\":\"2024-08-30T14:41:48+00:00\",\"dateModified\":\"2026-01-29T14:02:56+00:00\",\"description\":\"Descubre la caldera vapor el\u00e9ctrica: instalaci\u00f3n sencilla, uso intuitivo y potencias de 15 a 180 kW. Ideal para lavander\u00edas, tintorer\u00edas y planchado especializado, como abrigos de piel y prensas de superficie brillante.\",\"breadcrumb\":{\"@id\":\"https:\/\/www.icicaldaie.com\/es\/producto\/calderas-industriales\/calderas-de-vapor\/generadores-de-vapor-instantaneos\/flash\/#breadcrumb\"},\"inLanguage\":\"es\",\"potentialAction\":[{\"@type\":\"ReadAction\",\"target\":[\"https:\/\/www.icicaldaie.com\/es\/producto\/calderas-industriales\/calderas-de-vapor\/generadores-de-vapor-instantaneos\/flash\/\"]}]},{\"@type\":\"ImageObject\",\"inLanguage\":\"es\",\"@id\":\"https:\/\/www.icicaldaie.com\/es\/producto\/calderas-industriales\/calderas-de-vapor\/generadores-de-vapor-instantaneos\/flash\/#primaryimage\",\"url\":\"https:\/\/www.icicaldaie.com\/wp-content\/uploads\/2024\/08\/Flash.jpg\",\"contentUrl\":\"https:\/\/www.icicaldaie.com\/wp-content\/uploads\/2024\/08\/Flash.jpg\",\"width\":1080,\"height\":620},{\"@type\":\"BreadcrumbList\",\"@id\":\"https:\/\/www.icicaldaie.com\/es\/producto\/calderas-industriales\/calderas-de-vapor\/generadores-de-vapor-instantaneos\/flash\/#breadcrumb\",\"itemListElement\":[{\"@type\":\"ListItem\",\"position\":1,\"name\":\"Home\",\"item\":\"https:\/\/www.icicaldaie.com\/es\/\"},{\"@type\":\"ListItem\",\"position\":2,\"name\":\"Prodotti\",\"item\":\"https:\/\/www.icicaldaie.com\/es\/producto\/\"},{\"@type\":\"ListItem\",\"position\":3,\"name\":\"Calderas Industriales\",\"item\":\"https:\/\/www.icicaldaie.com\/es\/productos\/calderas-industriales\/\"},{\"@type\":\"ListItem\",\"position\":4,\"name\":\"Calderas De Vapor\",\"item\":\"https:\/\/www.icicaldaie.com\/es\/productos\/calderas-industriales\/calderas-de-vapor\/\"},{\"@type\":\"ListItem\",\"position\":5,\"name\":\"Calderas De Vaporizaci\u00f3n Instant\u00e1nea\",\"item\":\"https:\/\/www.icicaldaie.com\/es\/productos\/calderas-industriales\/calderas-de-vapor\/generadores-de-vapor-instantaneos\/\"},{\"@type\":\"ListItem\",\"position\":6,\"name\":\"FLASH\"}]},{\"@type\":\"WebSite\",\"@id\":\"https:\/\/www.icicaldaie.com\/es\/#website\",\"url\":\"https:\/\/www.icicaldaie.com\/es\/\",\"name\":\"ICI\",\"description\":\"Powering Evolution\",\"publisher\":{\"@id\":\"https:\/\/www.icicaldaie.com\/es\/#organization\"},\"alternateName\":\"ICI Powering Evolution\",\"potentialAction\":[{\"@type\":\"SearchAction\",\"target\":{\"@type\":\"EntryPoint\",\"urlTemplate\":\"https:\/\/www.icicaldaie.com\/es\/?s={search_term_string}\"},\"query-input\":{\"@type\":\"PropertyValueSpecification\",\"valueRequired\":true,\"valueName\":\"search_term_string\"}}],\"inLanguage\":\"es\"},{\"@type\":\"Organization\",\"@id\":\"https:\/\/www.icicaldaie.com\/es\/#organization\",\"name\":\"ICI\",\"url\":\"https:\/\/www.icicaldaie.com\/es\/\",\"logo\":{\"@type\":\"ImageObject\",\"inLanguage\":\"es\",\"@id\":\"https:\/\/www.icicaldaie.com\/es\/#\/schema\/logo\/image\/\",\"url\":\"https:\/\/www.icicaldaie.com\/wp-content\/uploads\/2023\/01\/Logo-ICI-Colorato.png\",\"contentUrl\":\"https:\/\/www.icicaldaie.com\/wp-content\/uploads\/2023\/01\/Logo-ICI-Colorato.png\",\"width\":450,\"height\":239,\"caption\":\"ICI\"},\"image\":{\"@id\":\"https:\/\/www.icicaldaie.com\/es\/#\/schema\/logo\/image\/\"}}]}<\/script>\n<!-- \/ Yoast SEO plugin. -->","yoast_head_json":{"title":"FLASH - Caldera Vapor El\u00e9ctrica","description":"Descubre la caldera vapor el\u00e9ctrica: instalaci\u00f3n sencilla, uso intuitivo y potencias de 15 a 180 kW. Ideal para lavander\u00edas, tintorer\u00edas y planchado especializado, como abrigos de piel y prensas de superficie brillante.","robots":{"index":"index","follow":"follow","max-snippet":"max-snippet:-1","max-image-preview":"max-image-preview:large","max-video-preview":"max-video-preview:-1"},"canonical":"https:\/\/www.icicaldaie.com\/es\/producto\/calderas-industriales\/calderas-de-vapor\/generadores-de-vapor-instantaneos\/flash\/","og_locale":"es_ES","og_type":"article","og_title":"FLASH - Caldera Vapor El\u00e9ctrica","og_description":"Descubre la caldera vapor el\u00e9ctrica: instalaci\u00f3n sencilla, uso intuitivo y potencias de 15 a 180 kW. Ideal para lavander\u00edas, tintorer\u00edas y planchado especializado, como abrigos de piel y prensas de superficie brillante.","og_url":"https:\/\/www.icicaldaie.com\/es\/producto\/calderas-industriales\/calderas-de-vapor\/generadores-de-vapor-instantaneos\/flash\/","og_site_name":"ICI","article_modified_time":"2026-01-29T14:02:56+00:00","og_image":[{"width":1080,"height":620,"url":"https:\/\/www.icicaldaie.com\/wp-content\/uploads\/2024\/08\/Flash.jpg","type":"image\/jpeg"}],"twitter_card":"summary_large_image","twitter_misc":{"Tiempo de lectura":"1 minuto"},"schema":{"@context":"https:\/\/schema.org","@graph":[{"@type":"WebPage","@id":"https:\/\/www.icicaldaie.com\/es\/producto\/calderas-industriales\/calderas-de-vapor\/generadores-de-vapor-instantaneos\/flash\/","url":"https:\/\/www.icicaldaie.com\/es\/producto\/calderas-industriales\/calderas-de-vapor\/generadores-de-vapor-instantaneos\/flash\/","name":"FLASH - Caldera Vapor El\u00e9ctrica","isPartOf":{"@id":"https:\/\/www.icicaldaie.com\/es\/#website"},"primaryImageOfPage":{"@id":"https:\/\/www.icicaldaie.com\/es\/producto\/calderas-industriales\/calderas-de-vapor\/generadores-de-vapor-instantaneos\/flash\/#primaryimage"},"image":{"@id":"https:\/\/www.icicaldaie.com\/es\/producto\/calderas-industriales\/calderas-de-vapor\/generadores-de-vapor-instantaneos\/flash\/#primaryimage"},"thumbnailUrl":"https:\/\/www.icicaldaie.com\/wp-content\/uploads\/2024\/08\/Flash.jpg","datePublished":"2024-08-30T14:41:48+00:00","dateModified":"2026-01-29T14:02:56+00:00","description":"Descubre la caldera vapor el\u00e9ctrica: instalaci\u00f3n sencilla, uso intuitivo y potencias de 15 a 180 kW. Ideal para lavander\u00edas, tintorer\u00edas y planchado especializado, como abrigos de piel y prensas de superficie brillante.","breadcrumb":{"@id":"https:\/\/www.icicaldaie.com\/es\/producto\/calderas-industriales\/calderas-de-vapor\/generadores-de-vapor-instantaneos\/flash\/#breadcrumb"},"inLanguage":"es","potentialAction":[{"@type":"ReadAction","target":["https:\/\/www.icicaldaie.com\/es\/producto\/calderas-industriales\/calderas-de-vapor\/generadores-de-vapor-instantaneos\/flash\/"]}]},{"@type":"ImageObject","inLanguage":"es","@id":"https:\/\/www.icicaldaie.com\/es\/producto\/calderas-industriales\/calderas-de-vapor\/generadores-de-vapor-instantaneos\/flash\/#primaryimage","url":"https:\/\/www.icicaldaie.com\/wp-content\/uploads\/2024\/08\/Flash.jpg","contentUrl":"https:\/\/www.icicaldaie.com\/wp-content\/uploads\/2024\/08\/Flash.jpg","width":1080,"height":620},{"@type":"BreadcrumbList","@id":"https:\/\/www.icicaldaie.com\/es\/producto\/calderas-industriales\/calderas-de-vapor\/generadores-de-vapor-instantaneos\/flash\/#breadcrumb","itemListElement":[{"@type":"ListItem","position":1,"name":"Home","item":"https:\/\/www.icicaldaie.com\/es\/"},{"@type":"ListItem","position":2,"name":"Prodotti","item":"https:\/\/www.icicaldaie.com\/es\/producto\/"},{"@type":"ListItem","position":3,"name":"Calderas Industriales","item":"https:\/\/www.icicaldaie.com\/es\/productos\/calderas-industriales\/"},{"@type":"ListItem","position":4,"name":"Calderas De Vapor","item":"https:\/\/www.icicaldaie.com\/es\/productos\/calderas-industriales\/calderas-de-vapor\/"},{"@type":"ListItem","position":5,"name":"Calderas De Vaporizaci\u00f3n Instant\u00e1nea","item":"https:\/\/www.icicaldaie.com\/es\/productos\/calderas-industriales\/calderas-de-vapor\/generadores-de-vapor-instantaneos\/"},{"@type":"ListItem","position":6,"name":"FLASH"}]},{"@type":"WebSite","@id":"https:\/\/www.icicaldaie.com\/es\/#website","url":"https:\/\/www.icicaldaie.com\/es\/","name":"ICI","description":"Powering Evolution","publisher":{"@id":"https:\/\/www.icicaldaie.com\/es\/#organization"},"alternateName":"ICI Powering Evolution","potentialAction":[{"@type":"SearchAction","target":{"@type":"EntryPoint","urlTemplate":"https:\/\/www.icicaldaie.com\/es\/?s={search_term_string}"},"query-input":{"@type":"PropertyValueSpecification","valueRequired":true,"valueName":"search_term_string"}}],"inLanguage":"es"},{"@type":"Organization","@id":"https:\/\/www.icicaldaie.com\/es\/#organization","name":"ICI","url":"https:\/\/www.icicaldaie.com\/es\/","logo":{"@type":"ImageObject","inLanguage":"es","@id":"https:\/\/www.icicaldaie.com\/es\/#\/schema\/logo\/image\/","url":"https:\/\/www.icicaldaie.com\/wp-content\/uploads\/2023\/01\/Logo-ICI-Colorato.png","contentUrl":"https:\/\/www.icicaldaie.com\/wp-content\/uploads\/2023\/01\/Logo-ICI-Colorato.png","width":450,"height":239,"caption":"ICI"},"image":{"@id":"https:\/\/www.icicaldaie.com\/es\/#\/schema\/logo\/image\/"}}]}},"_links":{"self":[{"href":"https:\/\/www.icicaldaie.com\/es\/wp-json\/wp\/v2\/prodotti\/20730","targetHints":{"allow":["GET"]}}],"collection":[{"href":"https:\/\/www.icicaldaie.com\/es\/wp-json\/wp\/v2\/prodotti"}],"about":[{"href":"https:\/\/www.icicaldaie.com\/es\/wp-json\/wp\/v2\/types\/prodotti"}],"version-history":[{"count":4,"href":"https:\/\/www.icicaldaie.com\/es\/wp-json\/wp\/v2\/prodotti\/20730\/revisions"}],"predecessor-version":[{"id":23960,"href":"https:\/\/www.icicaldaie.com\/es\/wp-json\/wp\/v2\/prodotti\/20730\/revisions\/23960"}],"wp:featuredmedia":[{"embeddable":true,"href":"https:\/\/www.icicaldaie.com\/es\/wp-json\/wp\/v2\/media\/83299"}],"wp:attachment":[{"href":"https:\/\/www.icicaldaie.com\/es\/wp-json\/wp\/v2\/media?parent=20730"}],"wp:term":[{"taxonomy":"tipo_di_fluido","embeddable":true,"href":"https:\/\/www.icicaldaie.com\/es\/wp-json\/wp\/v2\/tipo_di_fluido?post=20730"}],"curies":[{"name":"wp","href":"https:\/\/api.w.org\/{rel}","templated":true}]}}

<p>Generador instantáneo de vapor de fácil instalación y uso intuitivo. Ideal para aplicaciones como lavanderías y tintorerías, satisface consumos pequeños y medianos de vapor seco, de 15 a 180 kW, y evita las sobrecargas de las instalaciones térmicas. En particular es apto para el funcionamiento de prensas de planchado con superficie brillante o pistola de vapor específica., Es ideal para vaporizar y planchar los abrigos de piel.</p>

<!-- This site is optimized with the Yoast SEO plugin v24.7 - https://yoast.com/wordpress/plugins/seo/ -->
<title>FLASH - Caldera Vapor Eléctrica</title>
<meta name="description" content="Descubre la caldera vapor eléctrica: instalación sencilla, uso intuitivo y potencias de 15 a 180 kW. Ideal para lavanderías, tintorerías y planchado especializado, como abrigos de piel y prensas de superficie brillante." />
<meta name="robots" content="index, follow, max-snippet:-1, max-image-preview:large, max-video-preview:-1" />
<link rel="canonical" href="https://www.icicaldaie.com/es/producto/calderas-industriales/calderas-de-vapor/generadores-de-vapor-instantaneos/flash/" />
<meta property="og:locale" content="es_ES" />
<meta property="og:type" content="article" />
<meta property="og:title" content="FLASH - Caldera Vapor Eléctrica" />
<meta property="og:description" content="Descubre la caldera vapor eléctrica: instalación sencilla, uso intuitivo y potencias de 15 a 180 kW. Ideal para lavanderías, tintorerías y planchado especializado, como abrigos de piel y prensas de superficie brillante." />
<meta property="og:url" content="https://www.icicaldaie.com/es/producto/calderas-industriales/calderas-de-vapor/generadores-de-vapor-instantaneos/flash/" />
<meta property="og:site_name" content="ICI" />
<meta property="article:modified_time" content="2026-01-29T14:02:56+00:00" />
<meta property="og:image" content="https://www.icicaldaie.com/wp-content/uploads/2024/08/Flash.jpg" />
	<meta property="og:image:width" content="1080" />
	<meta property="og:image:height" content="620" />
	<meta property="og:image:type" content="image/jpeg" />
<meta name="twitter:card" content="summary_large_image" />
<meta name="twitter:label1" content="Tiempo de lectura" />
	<meta name="twitter:data1" content="1 minuto" />
<script type="application/ld+json" class="yoast-schema-graph">{"@context":"https://schema.org","@graph":[{"@type":"WebPage","@id":"https://www.icicaldaie.com/es/producto/calderas-industriales/calderas-de-vapor/generadores-de-vapor-instantaneos/flash/","url":"https://www.icicaldaie.com/es/producto/calderas-industriales/calderas-de-vapor/generadores-de-vapor-instantaneos/flash/","name":"FLASH - Caldera Vapor Eléctrica","isPartOf":{"@id":"https://www.icicaldaie.com/es/#website"},"primaryImageOfPage":{"@id":"https://www.icicaldaie.com/es/producto/calderas-industriales/calderas-de-vapor/generadores-de-vapor-instantaneos/flash/#primaryimage"},"image":{"@id":"https://www.icicaldaie.com/es/producto/calderas-industriales/calderas-de-vapor/generadores-de-vapor-instantaneos/flash/#primaryimage"},"thumbnailUrl":"https://www.icicaldaie.com/wp-content/uploads/2024/08/Flash.jpg","datePublished":"2024-08-30T14:41:48+00:00","dateModified":"2026-01-29T14:02:56+00:00","description":"Descubre la caldera vapor eléctrica: instalación sencilla, uso intuitivo y potencias de 15 a 180 kW. Ideal para lavanderías, tintorerías y planchado especializado, como abrigos de piel y prensas de superficie brillante.","breadcrumb":{"@id":"https://www.icicaldaie.com/es/producto/calderas-industriales/calderas-de-vapor/generadores-de-vapor-instantaneos/flash/#breadcrumb"},"inLanguage":"es","potentialAction":[{"@type":"ReadAction","target":["https://www.icicaldaie.com/es/producto/calderas-industriales/calderas-de-vapor/generadores-de-vapor-instantaneos/flash/"]}]},{"@type":"ImageObject","inLanguage":"es","@id":"https://www.icicaldaie.com/es/producto/calderas-industriales/calderas-de-vapor/generadores-de-vapor-instantaneos/flash/#primaryimage","url":"https://www.icicaldaie.com/wp-content/uploads/2024/08/Flash.jpg","contentUrl":"https://www.icicaldaie.com/wp-content/uploads/2024/08/Flash.jpg","width":1080,"height":620},{"@type":"BreadcrumbList","@id":"https://www.icicaldaie.com/es/producto/calderas-industriales/calderas-de-vapor/generadores-de-vapor-instantaneos/flash/#breadcrumb","itemListElement":[{"@type":"ListItem","position":1,"name":"Home","item":"https://www.icicaldaie.com/es/"},{"@type":"ListItem","position":2,"name":"Prodotti","item":"https://www.icicaldaie.com/es/producto/"},{"@type":"ListItem","position":3,"name":"Calderas Industriales","item":"https://www.icicaldaie.com/es/productos/calderas-industriales/"},{"@type":"ListItem","position":4,"name":"Calderas De Vapor","item":"https://www.icicaldaie.com/es/productos/calderas-industriales/calderas-de-vapor/"},{"@type":"ListItem","position":5,"name":"Calderas De Vaporización Instantánea","item":"https://www.icicaldaie.com/es/productos/calderas-industriales/calderas-de-vapor/generadores-de-vapor-instantaneos/"},{"@type":"ListItem","position":6,"name":"FLASH"}]},{"@type":"WebSite","@id":"https://www.icicaldaie.com/es/#website","url":"https://www.icicaldaie.com/es/","name":"ICI","description":"Powering Evolution","publisher":{"@id":"https://www.icicaldaie.com/es/#organization"},"alternateName":"ICI Powering Evolution","potentialAction":[{"@type":"SearchAction","target":{"@type":"EntryPoint","urlTemplate":"https://www.icicaldaie.com/es/?s={search_term_string}"},"query-input":{"@type":"PropertyValueSpecification","valueRequired":true,"valueName":"search_term_string"}}],"inLanguage":"es"},{"@type":"Organization","@id":"https://www.icicaldaie.com/es/#organization","name":"ICI","url":"https://www.icicaldaie.com/es/","logo":{"@type":"ImageObject","inLanguage":"es","@id":"https://www.icicaldaie.com/es/#/schema/logo/image/","url":"https://www.icicaldaie.com/wp-content/uploads/2023/01/Logo-ICI-Colorato.png","contentUrl":"https://www.icicaldaie.com/wp-content/uploads/2023/01/Logo-ICI-Colorato.png","width":450,"height":239,"caption":"ICI"},"image":{"@id":"https://www.icicaldaie.com/es/#/schema/logo/image/"}}]}</script>
<!-- / Yoast SEO plugin. -->

FLASH - Caldera Vapor Eléctrica

Descubre la caldera vapor eléctrica: instalación sencilla, uso intuitivo y potencias de 15 a 180 kW. Ideal para lavanderías, tintorerías y planchado especializado, como abrigos de piel y prensas de superficie brillante.

Calderas De Vaporización Instantánea
